 = 21*p + 10. Let w(k) = -2*u(k) + 5*x(k). Let y(l) = -7*l - 4. Let q(o) = -5*w(o) - 6*y(o). Give q(z).
5
Let n = 71 - 68. Let p(y) = y**3 - 3*y**2 - 3*y + 3. Determine p(n).
-6
Suppose 0 = 3*r - 2*r + 4. Let l(b) = 5*b - 11. Let o(m) = -m + 2. Let t(f) = 2*l(f) + 11*o(f). What is t(r)?
4
Suppose -7*a + 12 = -11*a. Let z(l) = -5*l - 3. Calculate z(a).
12
Let u(d) be the third derivative of d**4/12 - 17*d**3/6 + d**2. Let j(s) = -s + 9. Let i = 13 - 20. Let t(p) = i*j(p) - 4*u(p). Give t(4).
1
Let x(d) = -d. Let g be 4/(-20) - (-12)/(-15). Determine x(g).
1
Let f(n) be the first derivative of n**4/24 + n**3/3 - 3*n**2 + 8. Let c(o) be the second derivative of f(o). What is c(-2)?
0
Suppose -3*u = -13 + 1. Let s be 12/30 + u/(-10). Let f(t) = 4*t - 2 - 3*t - 2*t. What is f(s)?
-2
Suppose -4*s = -18 - 2. Suppose 2 = -s*v - 3. Let p(k) = k**2 + 2*k + 1. Calculate p(v).
0
Suppose 2*g = -4, -3*c = -2*g + 6 - 28. Let d(x) = c + 6*x - 3*x + 1. What is d(-5)?
-8
Suppose -2*p = -p + 2. Let k(g) be the second derivative of -g**4/12 - 2*g**3/3 - 11*g. Give k(p).
4
Let c = -7 - -7. Let q(n) = 1 + n - 3*n + c + 4*n. What is q(1)?
3
Let w(j) = -j**3 + 4*j**2 + 4*j. Let d = -8 - 1. Let f(a) = -a**3 - 10*a**2 - 11*a - 13. Let c be f(d). Calculate w(c).
-5
Let y(r) = r**2 - r - 3. Let k(t) = t**2 - t - 3. Let f(u) = -5*k(u) + 6*y(u). Give f(3).
3
Let o be 5/(5/(-2)) - 8. Let a = o + 12. Suppose -l - a*f + 2 = -f, 2*l + f - 1 = 0. Let y(n) = 11*n + 1. Give y(l).
-10
Let o(c) = -c**3 - 3*c**2 - 4 + 0*c**3 + 4*c + 0*c**3. Suppose 2 = -2*m, 5*t + m = t + 11. Suppose -t*l + 5 = 17. Give o(l).
-4
Let q = -3 - -4. Let p(z) be the first derivative of 3*z**2/2 - 9. Determine p(q).
3
Let k(g) be the third derivative of 1/60*g**5 + 0 + 0*g + 5/24*g**4 + 1/3*g**3 - 4*g**2. Determine k(-5).
2
Let z be 4 - 2 - (6 + -7). Let w(i) = -2*i - 9. Let n(t) = -2*t - 10. Let k(p) = z*w(p) - 2*n(p). Calculate k(-6).
5
Let y = 1 - -1. Suppose -y*s + x + 1 = 0, 4*s - 3*x - 7 = -2*x. Let b(t) = 0 - 4 + 5 - s*t. Give b(1).
-2
Let g(o) = -o + 1. Let q be g(-3). Let w be -2 + 2 + 1 + q. Suppose 5 + w = -5*h. Let n(k) = -k**3 - k**2. Determine n(h).
4
Let c(k) = -4*k**2 - 23*k - 36. Let s(b) be the second derivative of -b**4/12 - b**3 - 9*b**2/2 + 4*b. Let d(p) = 2*c(p) - 9*s(p). Calculate d(-6).
-3
Let g(o) = -o**3 + o**2 - o - 6. Let f(c) = -c**2 - 10*c - 4. Let t be f(-9). Let v(u) = -2*u**3 + 3*u**2 - 3*u - 13. Let d(k) = t*g(k) - 2*v(k). What is d(0)?
-4
Let n be ((-2)/3)/((-3)/27). Let t(u) = -u**2 + 5*u - 3. Give t(n).
-9
Let l = -33 - -36. Let x(q) = 2*q**2 - 4*q + 1. Calculate x(l).
7
Let j(g) = g**2 + 2*g + 2. Suppose -5*x - 5*r = -2*r + 2, x - 5*r + 6 = 0. Let n be (4/(-12))/(x/15). Suppose 5*m = 0, 3*m - n*m = 2*a + 4. Calculate j(a).
2
Let x(o) = -o - 13. Let q be (-35)/63*-12*(-6)/4. Give x(q).
-3
Suppose -2*o - 20 = o + 2*p, -2*o + 2*p - 10 = 0. Let v = o + 2. Let l = -2 + v. Let u(r) = r**2 + 5*r - 4. Give u(l).
2
Let p(v) = v - 4. Let n be p(3). Let m = n + -1. Let t = 1 + m. Let o(l) = -l + 1. Give o(t).
2
Let r(u) be the first derivative of -2*u**3 - u + 6. Let i = -1 - -1. Suppose 0 = -b + 5*a + 11, i*a = -5*b + 2*a + 9. Give r(b).
-7
Suppose -5*a + 29 = x, 7 = a + 3. Suppose -3*t = -2*w - x, -t - 3 = 5*w - 23. Let l(u) = -3*u**2 + 4*u**2 - 2 - w*u + 1. Determine l(5).
9
Suppose -15 = 2*m - 3. Let f(c) be the second derivative of -c**5/20 - 5*c**4/12 + 5*c**3/6 - 3*c**2 - c. Calculate f(m).
0
Let m(n) = -1 + 4*n**2 - 6*n**2 + 9*n**2. Let t = -12 + 11. Calculate m(t).
6
Let q(s) be the first derivative of 1/2*s**2 + 3 - s + 1/3*s**3. Give q(-4).
11
Let a(w) = -3 + 4*w - 6 + 3. What is a(5)?
14
Let k be 1/(-2) - (-49)/(-14). Let d be -2 - k/(12/(-9)). Let q(c) = -6*c - 15. Let t(g) = -4*g - 10. Let v(f) = -5*q(f) + 8*t(f). Give v(d).
5
Let t be (18/30)/((-1)/(-5)). Let r(s) = -9*s**2 + 4*s + 5. Let k(n) = 8*n**2 - 3*n - 4. Let u(f) = t*r(f) + 4*k(f). What is u(-1)?
4
Let l(d) be the first derivative of d**3/3 - d**2/2 + 7*d - 21. Give l(0).
7
Suppose 3*a - 7*a = -12. Let d(y) = -2 - 2*y - y + a*y + y. Determine d(0).
-2
Let h(u) = 7 + 0*u - 11*u**3 + 5*u**2 - u + 17*u**3 - 7*u**3. Determine h(5).
2
Let v(j) = 2*j**3 - 4*j**2 + 2*j + 1. Let h = 29 + -20. Suppose -2*m - 2*o + 8 = 0, -4*m + 32 = -3*o + h. Let y = m + -3. Determine v(y).
5
Let h(p) be the third derivative of 0 + 0*p + 1/60*p**5 + p**2 - 1/6*p**3 + 5/24*p**4. Let o = -56 + 51. Calculate h(o).
-1
Let x(m) = -m**3 + 3*m**2 + 4*m + 3. Let k = -92 - -192. Suppose -2*a = 3*a - k. Suppose 4*b + b = a. Give x(b).
3
Let c = -18 - -9. Let s = 9 + c. Let j(m) = m + 4 - 7 - 5. Give j(s).
-8
Let c(r) be the second derivative of -r**4/12 - 5*r. Calculate c(1).
-1
Let l = -6 - -33. Suppose 3*a - l = -3*i, 0*a - 3*a + 7 = -i. Let x(c) be the first derivative of c**2/2 - c + 1. Give x(i).
4
Suppose y + 48 = 5*y. Suppose -2*m = 2*m + y. Let b(j) = 3*j**2 + 5*j**3 + 0*j**2 + j**3 - 4 - 5*j**3. Determine b(m).
-4
Let r(o) = -o + 2. Let a(g) = g - 2. Let t(l) = 5*a(l) + 4*r(l). Determine t(-2).
-4
Let h be (-52)/(-5) - (-2)/(-5). Suppose y = -0*b - b + 5, -4*y + b = -h. Let u(n) = -4*n**y - 2*n + n + 3*n**3 + 7. Calculate u(0).
7
Suppose -4 = 4*l - 0. Let j(o) = 4*o**3 + 2*o + 1. Calculate j(l).
-5
Let c(p) = -2*p + 2. Let t(y) = 7*y - 8. Let n(r) = 22*c(r) + 6*t(r). Let m(w) = w**3 + 9*w**2 - 13*w - 27. Let z be m(-10). Give n(z).
-10
Let n(l) = l**3 - 14*l**2 + 12*l + 9. Suppose 3*c - 2 = c, 3*h = 4*c + 35. What is n(h)?
-4
Let o = -8 - -13. Let p(x) = x**2 - 3*x + 2. Determine p(o).
12
Let f(g) = g - 7. Let m = -24 - -88. Let t = m - 46. Suppose -2*h - h + t = -2*d, -4*h + 2*d + 24 = 0. Determine f(h).
-1
Let f(r) be the third derivative of -r**4/12 - 10*r**2. What is f(-1)?
2
Let c be 5 + (-2)/((-6)/(-9)). Suppose -3 = -t - c*t. Let y be (-3)/9 - t/(-3). Let q(s) = s**3 + s**2 + 4. Give q(y).
4
Let w(l) be the third derivative of -l**4/24 - 2*l**3/3 + 2*l**2. Let p be w(-9). Let f(t) = -4*t + 3*t - 1 + 2*t. Give f(p).
4
Let i = 2 + 0. Let u(l) be the second derivative of 1/6*l**3 + i*l - 1/12*l**4 + 0 + 3/2*l**2. Give u(3).
-3
Let q(w) = -w**3 - 7*w**2 - 6*w. Suppose -4 = -4*t + 64. Suppose -5*f = -28 - t. Suppose -5*l = -8*v + 4*v - f, 18 = -5*v + 4*l. What is q(v)?
0
Let d(m) = m**2 - 3*m - 4. Suppose -3*n + 2*s + 4 + 27 = 0, 4*s - 81 = -5*n. Suppose -5*b + n = -f + 5*f, -f - 13 = -2*b. Determine d(b).
6
Suppose -k = -5 + 3. Let o(z) = z**3 + 11*z**2 - z - 8. Let d be o(-11). Let r(a) = d - 3*a**k - 4 + 3. Calculate r(-2).
-10
Let l = 12 + -31. Let b = -17 - l. Let c(h) = 2*h**2 - 2*h + 3. Calculate c(b).
7
Let o(c) be the second derivative of c**3/6 - 3*c**2/2 - 5*c. Calculate o(3).
0
Let q(h) = 8*h**2 - h. Let n(r) = -r**3 - 6*r**2 - 5*r - 3. Suppose 5*c = -o - 30, 4*o - 2*o + 5 = c. Let u be n(c). Let b be (-2)/(-3)*u/(-2). Calculate q(b).
7
Let y(f) = 5 + f - 3*f + f. Let r(m) = -m**3 + 9*m**2 - 6*m - 11. Let i be r(8). Let o be y(i). Let s(k) = k**3 - 7. What is s(o)?
-7
Let g(x) = x**3 - 5*x**2 + 5*x - 4. Let l(v) = -v - 6. Suppose 5*n + h + 22 + 24 = 0, -2*h + 43 = -5*n. Let c be l(n). Give g(c).
-7
Let o = -73 - -68. Let m(y) = -y**3 - 3*y**2 + 7*y - 2. What is m(o)?
13
Let a(n) = -3*n**2 + 3*n. Let u(t) = 10*t**2 - 10*t. Let s(f) = -7*a(f) - 2*u(f). What is s(2)?
2
Let d(o) be the second derivative of -o**5/20 - o**4/2 - o**3/3 - o**2/2 + 10*o. Give d(-6).
11
Let c(q) = -2*q**3 - q - 3. Let w(z) = 5*z**3 - z**2 + 3*z + 8. Let v(g) = 8*c(g) + 3*w(g). Give v(-3).
-3
Let k(c) = -5*c**3 + c**2 + 2*c + 1. Let n(g) = -g**3 + 7*g**2 - 9*g - 6. Let v be n(5). Give k(v).
5
Let w be 9/15 - 24/(-10). Let a(v) = v**3 - 2*v**2 - 2*v - 1. Calculate a(w).
2
Let f(k) = -4 + 2*k**3 - 3*k + 2*k - 6*k**3 + 3. Calculate f(-1).
4
Let c(q) = q**2 - 10*q + 2. Let h be c(10). Suppose j + 5*t - 5 = 4*j, 2 = 3*j + h*t. Let n(g) = -g + 3. What is n(j)?
3
Let q(g) = 0 + 0 - 3*g. What is q(1)?
-3
Let v(x) = x - 2. Suppose -r + 25 = -5*o, -2*r + 5*o = -3*r - 25. Suppose r = 2*n - 4*n + 14. Give v(n).
5
Suppose -4*p + 9*p - 10 = k, -4*k - 4 = -2*p. Let a(t) be the third derivative of -t**5/20 + t**4/12 - 3*t**2. Calculate a(p).
-8
Let b(f) = f**2 - f + 1. Let q(j) = j**3 - 11*j**2 + 2*j - 2. Let i(l) = 3*b(l) + q(l). Calculate i(8).
-7
Let f 